
-197
Let p(w) = 3*w**2 - 1445*w - 14703. Calculate p(-10).
47
Let w(q) = q**2 - 317*q + 7336. Calculate w(25).
36
Let c(l) = -l**3 + 20*l**2 - 141*l + 1061. Determine c(23).
-3769
Let j(g) = -19*g**3 + 796*g**2 + 85*g - 13. Determine j(42).
29
Let w(i) = -1098*i - 133941. What is w(-122)?
15
Let i(b) = -219*b - 5449. What is i(-21)?
-850
Let l(j) = -2*j**2 + 574*j - 6862. Calculate l(12).
-262
Let a(x) = -95*x**2 - 547*x + 48. Determine a(-6).
-90
Let n(u) = u**3 + 173*u**2 + 348*u + 1003. What is n(-171)?
-23
Let r(f) = 13709*f + 54838. What is r(-4)?
2
Let f(v) = -v**3 + 70*v**2 - 881*v + 50614. What is f(68)?
-46
Let o(t) = -113534*t + 113542. Determine o(1).
8
Let u(j) = j**3 - 196*j**2 - 3*j - 257. Calculate u(0).
-257
Let q(r) = -170682*r + 2560237. Give q(15).
7
Let y(l) = 107*l + 983. Give y(-10).
-87
Let p(m) = m**3 + 9*m**2 - 1777*m - 12496. Determine p(-7).
41
Let l(s) = -1488*s + 129452. What is l(87)?
-4
Let k(x) = -x**2 - 261*x + 4699. Calculate k(-278).
-27
Let v(t) = -t**3 + 286*t**2 - 3291*t + 794. Determine v(274).
-28
Let v(c) = 194*c**3 - 5*c**2 + 9*c - 6. Give v(1).
192
Let k(t) = 27709*t + 156. What is k(0)?
156
Let b(u) = 2*u**2 + 451*u - 5951. What is b(-238)?
-1
Let v(n) = -2*n**3 - 31*n**2 - 12*n - 1218. What is v(-22)?
5338
Let l(i) = -2*i**2 + 1294*i + 119451. Determine l(-82).
-105
Let b(g) = -g**3 - 11*g**2 + 552*g + 5130. Calculate b(-9).
0
Let u(k) = 2*k**2 - 97*k + 1617. What is u(13)?
694
Let n(d) = -90*d**2 - 29882*d - 643. What is n(-332)?
21
Let c(n) = 871*n - 17692. What is c(20)?
-272
Let d(w) = -w**3 + 5*w**2 + 709*w + 20. Calculate d(-24).
-292
Let j(n) = 26*n**2 - 1464*n - 1021. Determine j(57).
5
Let v(a) = 12287*a - 1204078. Calculate v(98).
48
Let f(i) = 42*i**3 - i**2 + 248*i + 504. What is f(-2)?
-332
Let w(z) = z**3 - 48*z**2 + 78*z + 1230. Give w(46).
586
Let t(f) = -f**2 - 187*f - 4210. Determine t(-161).
-24
Let y(g) = 10884*g - 674799. Calculate y(62).
9
Let s(f) = -f**3 + 17*f**2 - 1011*f + 12574. Determine s(13).
107
Let h(u) = -u**3 + 57*u**2 + 892*u - 74. What is h(-13)?
160
Let m(o) = -572462*o + 9731857. What is m(17)?
3
Let p(k) = -39*k**2 + 59*k - 17. What is p(-5)?
-1287
Let r(d) = 2*d**3 + 37*d**2 + 38*d + 367. What is r(-18)?
7
Let u(i) = i**2 + 116831*i + 7706494. Calculate u(-66).
4
Let u(h) = 229*h + 66822. Determine u(-292).
-46
Let r(w) = 3574*w + 464623. What is r(-130)?
3
Let n(r) = r**3 - 72*r**2 - 5*r + 975. What is n(72)?
615
Let r(p) = p**3 + 39*p**2 + 85*p + 106. Give r(-37).
-301
Let n(x) = -257*x + 97709. What is n(379)?
306
Let z(h) = 77*h - 17411. Give z(230).
299
Let c(y) = -6394*y + 473279. Calculate c(74).
123
Let c(i) = 15966*i + 590748. What is c(-37)?
6
Let f(o) = 206*o - 8648. Give f(42).
4
Let p(n) = -470*n + 2378. Determine p(4).
498
Let i(h) = 40551*h - 3122424. Determine i(77).
3
Let d(x) = x**2 - 5787*x + 1739138. Determine d(318).
-4
Let z(t) = -t**2 + 3*t + 1409. Give z(57).
-1669
Let u(a) = 21*a**2 - 3371*a + 14825. What is u(156)?
5
Let w(r) = 5*r**2 + 2062*r + 33646. Calculate w(-17).
37
Let p(s) = 2*s**3 + 313*s**2 - 477*s - 473. Calculate p(-158).
1
Let d(y) = y**3 + 4328*y**2 + 99026*y + 247. Determine d(-23).
-6
Let c(g) = -2*g**3 + 104*g**2 - 1316*g - 92. Calculate c(30).
28
Let x(t) = -76*t**2 - 185*t + 22. Calculate x(-3).
-107
Let o(t) = -t**3 + 295*t**2 - 9480*t - 17046. Calculate o(258).
-18
Let z(q) = -5925*q - 231436. Determine z(-39).
-361
Let t(r) = -592*r - 173858. Determine t(-293).
-402
Let a(j) = -1443*j - 37354. What is a(-26)?
164
Let o(d) = 10303*d + 849. Give o(0).
849
Let f(x) = 104*x**2 + 712*x - 1189. Calculate f(-9).
827
Let r(d) = -2480*d + 5527. Determine r(2).
567
Let q(v) = -332*v**3 - 1662*v**2 - 17*v - 33. What is q(-5)?
2
Let i(f) = 6471*f - 647104. Determine i(100).
-4
Let f(b) = 45247*b - 1990858. What is f(44)?
10
Let b(k) = -4416*k - 419524. Determine b(-95).
-4
Let r(k) = -2*k**2 - 29970*k - 329433. Determine r(-11).
-5
Let g(w) = 127*w - 5344. Calculate g(67).
3165
Let x(r) = r**2 - 99508*r + 2884924. Give x(29).
33
Let r(j) = 32*j**2 + 2469*j + 30. Calculate r(-77).
-355
Let k(p) = p**2 - 32*p - 67. Give k(-5).
118
Let w(a) = 2*a**2 + 2140*a + 258696. Determine w(-139).
-122
Let g(s) = 1304*s - 6284. Calculate g(6).
1540
Let q(k) = -k**3 + 176*k**2 + 872*k + 74853. Determine q(183).
6
Let b(v) = -1415*v + 45155. What is b(32)?
-125
Let o(v) = -5*v**3 + 175*v**2 - 2*v - 763. Calculate o(35).
-833
Let q(y) = -y**3 - 23*y**2 + 4*y + 763. What is q(-22)?
191
Let i(m) = 2*m**3 - m**2 - 79*m + 26. What is i(6)?
-52
Let s(h) = h**3 + 34*h**2 - 1190*h + 3236. What is s(3)?
-1
Let v(n) = 42*n**3 + 37*n**2 + 69*n - 7. Determine v(-2).
-333
Let q(f) = -1193*f + 28852. Calculate q(24).
220
Let s(u) = 2806*u + 33784. Determine s(-12).
112
Let h(v) = 53970*v - 539741. Determine h(10).
-41
Let i(q) = q**3 - 14*q**2 - 213*q + 2987. What is i(14)?
5
Let y(z) = 64763*z + 906634. Determine y(-14).
-48
Let l(p) = -688*p + 9001. Give l(13).
57
Let s(a) = -113411*a - 113409. Determine s(-1).
2
Let o(c) = -611*c**2 - 26946*c + 51. Determine o(-44).
2779
Let h(y) = -12*y**2 - 284*y - 1950. Determine h(-7).
-550
Let z(t) = -182*t + 7890. Give z(53).
-1756
Let s(y) = -14*y**2 + 2107*y - 90. Determine s(150).
960
Let p(i) = -7*i**2 + 527*i + 6656. What is p(-11)?
12
Let a(r) = 1677*r - 3338. Calculate a(2).
16
Let z(t) = 4*t**3 + 189*t**2 + 219*t - 144. Determine z(-46).
362
Let p(d) = -435725*d - 12636015. Calculate p(-29).
10
Let m(o) = -o**3 + 320*o**2 + 936762*o + 819. Give m(-821).
-2
Let i(g) = 36649*g - 256615. Determine i(7).
-72
Let i(x) = 671*x + 1593. Give i(-2).
251
Let d(z) = 22*z**3 + z**2 - 40*z - 80. Give d(-2).
-172
Let x(s) = -6*s**3 + 33*s**2 + 215*s + 337. Give x(-8).
3801
Let v(y) = -87*y**3 + 870*y**2 - 146*y + 1463. Calculate v(10).
3
Let s(c) = 23446*c + 2250828. Determine s(-96).
12
Let f(c) = -c**3 + 266*c**2 - 1360*c + 283. Give f(5).
8
Let w(h) = -59477*h - 535321. What is w(-9)?
-28
Let g(j) = -22*j**2 + 392*j + 116. Give g(21).
-1354
Let w(u) = -23*u**2 - 37*u + 97. What is w(0)?
97
Let w(r) = -237*r - 5570. What is w(-23)?
-119
Let p(m) = -1395*m + 7348. What is p(6)?
-1022
Let o(w) = w**3 - 541*w**2 + 1065*w + 581546. Give o(537).
-25
Let w(h) = -h**3 + 85*h**2 + 122*h + 4536. Give w(87).
12
Let h(d) = 715*d + 149212. Give h(-208).
492
Let o(x) = -13070*x - 3973272. Give o(-304).
8
Let z(a) = -a**2 - 231*a + 89812. Determine z(209).
-2148
Let o(b) = -b**3 + 118*b**2 - 2457*b - 224. Give o(27).
-224
Let z(m) = 83*m**2 + 126*m - 136. Give z(1).
73
Let j(s) = -s**2 + 2294*s - 65688. What is j(29)?
-3
Let z(l) = l**2 - 117*l - 9304. Calculate z(-54).
-70
Let j(o) = -5500*o - 5115002. What is j(-930)?
-2
Let n(w) = 2*w**3 + 24*w**2 + 73*w + 180. Calculate n(-7).
159
Let z(j) = -314*j + 104. Give z(1).
-210
Let c(b) = 2*b**3 - 96*b**2 + 551*b - 693. What is c(4)?
103
Let p(m) = -4173*m + 4435904. What is p(1063)?
5
Let x(u) = -u**3 - 38*u**2 - 13*u - 1966. Calculate x(-39).
62
Let f(d) = 2*d**2 + 26*d - 5610. Give f(-58).
-390
Let b(t) = 2675*t**2 - 53492*t + 116. Calculate b(20).
276
Let w(d) = 2*d**3 - 222*d**2 + 5636*d + 7297. Give w(70).
17
Let v(h) = 2*h**2 + 374*h + 16492. What is v(-69)?
208
Let g(s) = -39555*s - 6210136. Calculate g(-157).
-1
Let n(y) = -139*y**2 + 340*y - 117. Give n(2).
7
Let u(z) = -z**2 - 712*z + 14024. What is u(19)?
135
Let t(o) = -471*o**2 + 12239*o + 185. What is t(26)?
3
Let i(x) = x**3 + 348*x**2 - 950*x - 330603. What is i(-348)?
-3
Let h(k) = 19*k**2 + 487*k - 9063. Calculate h(-38).
-133
Let b(m) = -84*m**3 + 588*m**2 - 499*m + 3481. Give b(7).
-12
Let q(m) = -329*m - 533. Give q(0).
-533
Let y(d) = 5*d**2 - 361*d - 1925. What is y(-5)?
5
Let c(j) = 2*j**2 - 103723*j + 1762713. Calculate c(17).
0
Let z(q) = 161853*q - 2427786. Determine z(15).
9
Let y(t) = 22387*t - 201502. What is y(9)?
-19
Let x(f) = 2*f**3 - 55*f**2 - 296*f - 31. Determine x(32).
-287
Let a(f) = 4*f**2 - 13*f - 87. Give a(10).
183
Let q(u) = 1544*u**2 - 216158*u - 287. Calculate q(140).
-7
Let r(w) = -6356*w - 141238. Give r(-22).
-1406
Let j(a) = -25148*a - 427554. Determine j(-17).
-38
Let o(c) = 1808*c + 8560. Calculate o(-5).
-480
Let r(l) = 11062*l + 298709. Determine r(-27).
35
Let n(w) = 4*w